r be i(-3). Give f(r).
-4
Let z = -6 + 1. Let s(b) = -7*b + 2. Let j(t) = -3*t + 1. Let l(y) = -5*j(y) + 2*s(y). Give l(z).
-6
Let c(i) = -i**3 - 11*i**2 - 11*i - 9. Let q be (-32)/24*30/4. Let o be c(q). Let f be o - (4/(-2) - 0). Let b(j) = j + 1. What is b(f)?
4
Let i(l) be the second derivative of l**6/120 - l**4/12 + l**3/2 - 5*l**2/2 - 4*l. Let f(w) be the first derivative of i(w). Calculate f(2).
7
Let n(p) = p**3 - p**2 - p. Let o be n(2). Suppose -2*x = -o - 0. Suppose 4 = -4*c - g - 0, -c + 4*g = x. Let v(f) = -10*f - 1. Determine v(c).
9
Suppose 4 = v - 0*v. Suppose 2*z - 8 = 2*t, t - 15 = -4*z + v*t. Let u(c) = 1 + c**2 - 4 - 3*c - z. Determine u(5).
4
Let f(s) = -s - 1. Let j(w) = w**3 + 4*w**2 + 2*w - 4. Let u be j(-3). Calculate f(u).
0
Let j(m) = -m**2 - 8*m - 7. Let x = -48 + 42. Calculate j(x).
5
Let m(y) be the first derivative of y**5/20 + y**3/6 - y**2 + 2*y + 2. Let l(c) be the first derivative of m(c). Suppose -3*f = -f. What is l(f)?
-2
Let b(f) be the first derivative of -f**5/40 + f**4/24 + 2*f**3/3 + 2. Let h(i) be the third derivative of b(i). Let r = 2 + 0. Determine h(r).
-5
Suppose 3*w + 2 = 17. Suppose 4*x = -3*c + c - 26, 0 = -3*x + w*c + 13. Let i(z) = 3*z + 5. Give i(x).
-7
Let t(l) = -l**2 + l - 5. Let s(o) be the first derivative of 2*o**3/3 - 3*o**2/2 + 9*o - 3. Let m(d) = 3*s(d) + 5*t(d). Determine m(5).
7
Let a = -10 - -8. Let f(k) = k**2 + 0 + 1 + 0*k**2 + 2*k. Determine f(a).
1
Let b(f) be the second derivative of 1/144*f**6 + 0 + 0*f**3 + 0*f**2 + f - 1/120*f**5 - 1/4*f**4. Let k(r) be the third derivative of b(r). Calculate k(1).
4
Let l = -19 + 17. Let t(u) = u**2 + u - 1. Calculate t(l).
1
Let t(i) be the third derivative of i**8/6720 - i**7/630 + i**6/720 - i**5/24 + i**4/24 - i**2. Let f(n) be the second derivative of t(n). Determine f(4).
-1
Let m(a) = -3*a. Let z(c) = -c. Let g(s) = 6*s - 3. Let b be g(2). Let o(h) = b*z(h) - 2*m(h). Determine o(-2).
6
Let y = 0 - 5. Let o(q) = -q - 5 - 1 + 6*q - 7*q. Calculate o(y).
4
Let v(k) = k**3 + 7*k**2 - 5. Let n(h) = h - 3. Let d be n(5). Suppose -d*b - 11 = 3. Give v(b).
-5
Let z(b) = -b**2 - 8*b - 6. Let i be (-9)/(-3) + (-12)/3. Let p = i - 5. Calculate z(p).
6
Let h = 120 + -124. Let g(v) = -v**3 - 5*v**2 - 2*v + 1. Determine g(h).
-7
Let n(t) = 5 + 1 - 5. Let m(z) = -5*z - 3. Let g(l) = m(l) + 2*n(l). Let o(q) = -q + 5. Let w be o(7). What is g(w)?
9
Let c(f) be the third derivative of f**4/3 - f**3/3 + 8*f**2. Determine c(-2).
-18
Let a(q) = -q + 1. Let x = 7 + -6. Let g be a(x). Let t(j) = j + 7. Determine t(g).
7
Let j(k) = k**3 - 3*k**2 + 2*k - 4. Let w = -35 + 38. Determine j(w).
2
Let h = -28 - -26. Let j(m) = -m**3 - 2*m**2 - 3*m - 3. Give j(h).
3
Let o(f) = -6*f + 1. Suppose 2*l - 4 = -k + 2, -k = -3*l - 1. Give o(l).
-5
Let i(l) = -4*l + 2*l + 0*l - 2. Let x = -40 + 38. Give i(x).
2
Let u = 13 - 10. Suppose 0*f - 2*f = u*t - 7, 5*f = -t + 11. Let h(k) = 4*k + 1. Give h(t).
5
Let s(m) = -2*m - 1. Let j be s(3). Let h(b) = b**3 + 7*b**2 + 2*b + 9. Calculate h(j).
-5
Suppose 4*o = 6*o - 5*w - 18, -o + 3*w = -10. Let b be ((-8)/(-10))/(2/5). Let z(g) = 0 - 1 - 3*g + g**2 + 3*g - b*g. What is z(o)?
7
Let g(d) be the first derivative of d**4/4 - 7*d**3/3 + 7*d**2/2 - 4*d - 12. Suppose -3*b + w - 3*w + 28 = 0, -3*b + 4*w = 2. What is g(b)?
2
Let x = -10 - -6. Let d(b) = -3 + 10*b**2 + b**3 + b + 12*b**2 - 18*b**2 + 0. Calculate d(x).
-7
Let h be (-14)/21 + 4/(-3). Let q(b) = -b - 1. Let o(p) = 6*p + 6. Let r(g) = 6*o(g) + 39*q(g). What is r(h)?
3
Let r(w) = -1 + 5*w - 17*w + 0 + 11*w. What is r(-2)?
1
Let h(m) = m**2 - 3*m - 4. Let a = -4 - -6. Suppose 0 = j + a*p - 30, 3*j - 2*j = -p + 26. Let b be 92/22 + (-4)/j. Determine h(b).
0
Let k = 9 - 6. Let c(p) = p - p**3 + 4*p - 2 + 3*p**2 - 3*p. Calculate c(k).
4
Let t(f) = -f**2 + 6*f - 2. Let z be 8/(-20) - (-135)/25. What is t(z)?
3
Let x(k) be the first derivative of k**5/120 - k**4/8 + k**3 + 3. Let b(i) be the third derivative of x(i). Give b(5).
2
Suppose -4*j = 3 - 11. Let m be 2*j/12*-6. Let k(w) be the second derivative of -w**5/20 - w**4/3 - w**3/6 - w. Calculate k(m).
-6
Let f(j) = -j + 2. Let c = 36 + -40. Give f(c).
6
Let g(c) = -62*c + c**3 + 59*c + c**2 + 0*c**3 - 1. Calculate g(-3).
-10
Let i(u) = -u**2 - 8*u - 2. Let p be i(-7). Let w(o) = 3*o + 2*o**2 + 7 + 2*o + 3*o**2. Let a(l) = -6*l**2 - 5*l - 7. Let k(q) = 6*a(q) + 7*w(q). Give k(p).
7
Suppose -2*s = s - 3. Let o(t) = 4*t**2 + 1. Let g(i) = 9*i**2 + 2. Let m(a) = a**3 + a**2 - a - 7. Let k be m(0). Let z(p) = k*o(p) + 3*g(p). Determine z(s).
-2
Let c(l) = l + 2. Let k(f) = f**2 + 5*f + 3. Let h be k(-5). Suppose o + 3*n + 15 = 0, 3*n + h = -o + 4*o. What is c(o)?
-1
Let b(d) = d**2 + 6*d - 1. Let i(h) = h + 1. Suppose 3*z - 19 = -4*a, -2*a + 3 = -5. Let j be ((-6)/z)/(8/(-4)). Let n(g) = j*i(g) - b(g). Determine n(-4).
0
Let v(z) be the first derivative of z**2/2 - z - 4. What is v(-6)?
-7
Let c(h) = 2*h**3 + 2*h**2 - h + 7. Let l(z) = 5*z**3 + 7*z**2 - 3*z + 20. Let u(y) = -8*c(y) + 3*l(y). Let m be u(5). Let r(p) = -7*p - 1. Determine r(m).
6
Let v(f) = f**3 + 4*f**2 - 3*f + 5. Suppose -5*p - 1 - 4 = -3*q, 5*q = -p + 27. Suppose q*b - 4 = 6. Suppose -3*o + 8 = -5*u - 8, -b*u - 13 = o. Give v(u).
-5
Let u(y) be the second derivative of y**3/6 - y**2/2 - 16*y. What is u(-5)?
-6
Let s be -6*((-12)/(-9) + -2). Suppose 3*i + 2*h - 21 = 0, 17 = s*h + 5. Suppose 0 = i*o - 2*o. Let d(n) = n**2 + n + 1. What is d(o)?
1
Let t = 25 + -20. Suppose -2*l - h + 2 = -3*h, l - t*h = -7. Let v(q) = 2*q + 3. Give v(l).
9
Let l(s) = -s**3 + 7*s**2 + 7*s + 9. Let h = 107 - 99. Give l(h).
1
Let r(h) = h**3 - 5*h**2 - 3*h + 1. Suppose -4*j = -y - 9*j + 5, -5*y = -2*j - 25. Calculate r(y).
-14
Let d(b) be the third derivative of -b**5/60 - b**4/8 - b**3/3 - 19*b**2. Suppose -3 = 3*s + 2*x - 3*x, -6 = 2*x. What is d(s)?
0
Let w be (-75)/(-12) - 1/4. Suppose -t + 0*t = -w. Let v(i) = 3*i - t - i + 7. Determine v(2).
5
Let q(v) = 32*v**2 + 12 - 32*v**2 + v - v**3 - 3. Let d(r) = -r**3 + r**2 - r. Let h be d(0). Suppose h*n = 5*n. Determine q(n).
9
Let x(p) = -1 + 0*p + p**3 - 5*p**2 + 7 - 2*p. Suppose -2*u + 3*u - 20 = 0. Suppose -3*g - g = -u. Calculate x(g).
-4
Suppose 0 = 2*c - 0 + 8. Let o(j) = -j**2 - 7*j + 3. Let x be o(-7). Let s(h) = x*h - 2*h + 1 + 0*h. Calculate s(c).
-3
Suppose -n + 16 = 11. Let c(a) = 4*a - 13*a + n*a. Calculate c(2).
-8
Let u(i) = -4 - 4*i**2 - 2*i + i - i**3 + 6. Give u(-4).
6
Let x(g) be the first derivative of -2*g**3/3 - g**2 + 2*g + 1. Suppose -o + 3*d - 3 = 0, -o - 3*o - 12 = 2*d. Let k be o*6/(-9)*-1. Calculate x(k).
-2
Let i(w) = -18 - 5 - w**3 + 10. Determine i(0).
-13
Let w(g) be the first derivative of -g**3/3 + 4*g**2 + 3*g - 8. Determine w(8).
3
Let v(g) = 9*g**2 - 9*g - 1. Let u(d) = 5*d**2 - 5*d. Let a(m) = 7*u(m) - 4*v(m). Determine a(3).
-2
Let k(q) be the first derivative of -1/3*q**3 + 4*q - 4 + 0*q**2. What is k(-3)?
-5
Let w(l) = 5*l**2 + 2 - 1 + 0*l**2. Give w(-1).
6
Let r(i) = -i**2 + i + 4. Let p = 14 - 7. Suppose p*u - 4*h = 3*u + 32, 4*u = -5*h - 4. Suppose 11 = u*w - b, 3*b - 29 = -w - 2*b. Determine r(w).
-8
Let p(s) = s**2 - 4*s + 2. Let o be 3/(5 + -2)*0. Suppose 2*r - r - 4 = o. Give p(r).
2
Let s(t) = 3*t**3 - t**2 + 2*t - 1. Suppose -5*d + 8 = -d. Suppose -2*z + z + 11 = -d*o, o = 2*z - 7. Determine s(z).
3
Suppose 0 = 3*x, s - 2 = 5*x - 0. Let w(p) be the first derivative of 3*p**2 - 3 + 1 - 2*p**s. Calculate w(2).
4
Let y(g) = -2*g**2 - 1. Let m(u) = 24*u**2 + 4*u + 12. Let x(b) = m(b) + 10*y(b). Give x(-2).
10
Let l(z) = z**2 + 3*z - 1. Let w(c) = 6*c**2 + 14*c - 6. Let d(s) = -11*l(s) + 2*w(s). Suppose 2 + 4 = g. Give d(g).
5
Let f(y) be the first derivative of y**3/3 + y**2/2 - 23. Calculate f(-1).
0
Let b(k) = -7*k**3 + 11*k**2 - 12*k + 11. Let y(i) = 8*i**3 - 12*i**2 + 13*i - 12. Let c(l) = 7*b(l) + 6*y(l). Calculate c(4).
-3
Suppose 2*q - n = -12, 0 = -2*q - q + 2*n - 19. Let b(k) = -k**3 - 6*k**2 - 6*k + 2. Give b(q).
7
Suppose -66*q - 12 = -62*q. Let c(t) = -t**3 - 4*t**2 - 2*t + 2. Calculate c(q).
-1
Let k = -290 - -292. Let y = -1 + 1. Let u(s) = -s**2 - 1 + 3 + s**3 + y - s. Calculate u(k).
4
Let g(n) be the third derivative of -n**4/8 + n**3/6 + 2*n**2. Suppose 6*a - 2